Is 42 a factor of 504?
True
Does 6 divide 210?
True
Is 14744 a multiple of 113?
False
Is 300 a factor of 56052?
False
Does 32 divide 49792?
True
Is 135 a multiple of 5?
True
Is 143 a factor of 715?
True
Is 23 a factor of 1794?
True
Is 8428 a multiple of 98?
True
Is 25625 a multiple of 205?
True
Is 9 a factor of 429?
False
Is 31 a factor of 30969?
True
Is 17 a factor of 5100?
True
Does 138 divide 24150?
True
Is 3663 a multiple of 33?
True
Is 38665 a multiple of 195?
False
Does 15 divide 185?
False
Does 6 divide 329?
False
Is 8512 a multiple of 8?
True
Does 11 divide 1287?
True
Is 104 a multiple of 3?
False
Does 19 divide 2356?
True
Is 8 a factor of 249?
False
Is 600 a multiple of 20?
True
Does 11 divide 2486?
True
Is 14783 a multiple of 38?
False
Is 2240 a multiple of 70?
True
Does 53 divide 21730?
True
Is 176 a multiple of 22?
True
Is 38 a multiple of 5?
False
Does 43 divide 17413?
False
Is 18009 a multiple of 299?
False
Does 2 divide 73?
False
Is 237 a multiple of 6?
False
Is 4 a factor of 504?
True
Is 15768 a multiple of 46?
False
Is 184 a factor of 15473?
False
Is 22316 a multiple of 14?
True
Is 331 a multiple of 11?
False
Is 160 a multiple of 58?
False
Does 63 divide 630?
True
Is 411 a factor of 21783?
True
Does 154 divide 60716?
False
Is 472 a multiple of 18?
False
Is 14667 a multiple of 79?
False
Does 337 divide 10747?
False
Is 1044 a multiple of 29?
True
Does 62 divide 7042?
False
Is 2799 a multiple of 9?
True
Does 15 divide 915?
True
Is 73 a factor of 79243?
False
Is 1757 a multiple of 14?
False
Does 6 divide 894?
True
Is 45290 a multiple of 5?
True
Is 14 a factor of 1392?
False
Does 22 divide 29546?
True
Is 1006 a multiple of 10?
False
Is 5 a factor of 17561?
False
Does 90 divide 2880?
True
Does 65 divide 13147?
False
Does 31 divide 13268?
True
Is 30 a factor of 300?
True
Is 2844 a multiple of 12?
True
Is 15 a factor of 3945?
True
Does 67 divide 6700?
True
Is 69517 a multiple of 10?
False
Does 299 divide 33641?
False
Is 11492 a multiple of 27?
False
Is 5 a factor of 5610?
True
Is 6400 a multiple of 128?
True
Does 37 divide 56129?
True
Is 16032 a multiple of 30?
False
Is 2408 a multiple of 31?
False
Is 222 a factor of 22996?
False
Is 13 a factor of 3510?
True
Is 27 a factor of 11799?
True
Is 758 a multiple of 14?
False
Does 135 divide 1074?
False
Is 8 a factor of 200?
True
Is 46452 a multiple of 14?
True
Is 31 a factor of 1673?
False
Is 2975 a multiple of 11?
False
Is 875 a multiple of 47?
False
Is 520 a multiple of 23?
False
Does 10 divide 1993?
False
Does 28 divide 479?
False
Is 188 a factor of 67289?
False
Is 5746 a multiple of 18?
False
Does 63 divide 2481?
False
Does 9 divide 1019?
False
Is 11 a factor of 2051?
False
Is 2 a factor of 86?
True
Does 57 divide 1882?
False
Is 10105 a multiple of 93?
False
Does 147 divide 14406?
True
Does 3 divide 24992?
False
Is 688 a multiple of 17?
False
Is 1738 a multiple of 79?
True
Is 46250 a multiple of 25?
True
Is 14 a factor of 379?
False
Is 7734 a multiple of 5?
False
Is 18 a factor of 288?
True
Is 200 a multiple of 20?
True
Does 18 divide 6737?
False
Does 21 divide 3780?
True
Is 14 a factor of 70?
True
Is 42 a factor of 47509?
False
Is 2117 a multiple of 73?
True
Is 42 a multiple of 9?
False
Does 125 divide 36816?
False
Does 152 divide 13224?
True
Does 5 divide 510?
True
Is 45 a factor of 28545?
False
Does 30 divide 46890?
True
Is 4400 even?
True
Does 8 divide 60?
False
Is 299 a multiple of 10?
False
Is 5846 a multiple of 79?
True
Does 6 divide 20202?
True
Is 25720 a multiple of 10?
True
Does 24 divide 20826?
False
Does 13 divide 14131?
True
Is 582 a multiple of 9?
False
Is 45980 a multiple of 242?
True
Is 4 a factor of 278?
False
Is 834 a multiple of 25?
False
Is 16 a factor of 1152?
True
Is 10 a factor of 1680?
True
Is 5698 a multiple of 11?
True
Does 2 divide 1885?
False
Is 10 a factor of 20?
True
Does 32 divide 14884?
False
Is 121 a factor of 968?
True
Is 1114 a multiple of 37?
False
Is 6146 a multiple of 177?
False
Does 100 divide 4500?
True
Is 1372 a multiple of 7?
True
Is 39307 a multiple of 44?
False
Does 65 divide 715?
True
Is 3984 a multiple of 14?
False
Is 7510 a multiple of 141?
False
Is 3210 a multiple of 15?
True
Is 32 a factor of 4480?
True
Is 356 a multiple of 49?
False
Is 6615 a multiple of 45?
True
Is 26968 a multiple of 13?
False
Does 51 divide 765?
True
Is 3250 a multiple of 10?
True
Is 14 a factor of 3374?
True
Is 4 a factor of 56?
True
Is 42 a factor of 546?
True
Is 55936 a multiple of 38?
True
Is 138 a multiple of 10?
False
Is 52028 a multiple of 154?
False
Does 33 divide 19379?
False
Does 6 divide 5451?
False
Does 75 divide 6987?
False
Is 13 a factor of 143?
True
Does 29 divide 507?
False
Is 249 a multiple of 14?
False
Is 15817 a multiple of 5?
False
Is 6366 a multiple of 146?
False
Does 247 divide 84237?
False
Does 42 divide 7707?
False
Is 23 a factor of 3151?
True
Does 180 divide 50400?
True
Is 14 a factor of 13399?
False
Does 54 divide 2268?
True
Is 18 a factor of 11808?
True
Is 306 a factor of 6360?
False
Is 37 a factor of 441?
False
Does 35 divide 33060?
False
Is 13 a factor of 243?
False
Does 7 divide 462?
True
Is 13 a factor of 11713?
True
Does 85 divide 2380?
True
Does 27 divide 2322?
True
Does 2 divide 503?
False
Does 13 divide 8528?
True
Is 5 a factor of 2908?
False
Does 14 divide 840?
True
Does 11 divide 29260?
True
Is 4959 a multiple of 15?
False
Does 13 divide 351?
True
Is 129 a factor of 14577?
True
Does 3 divide 100?
False
Does 16 divide 16981?
False
Does 31 divide 620?
True
Is 345 a multiple of 23?
True
Is 289 a multiple of 3?
False
Is 7821 a multiple of 89?
False
Does 5 divide 2370?
True
Is 253 a multiple of 23?
True
Is 17 a factor of 5574?
False
Is 5997 a multiple of 13?
False
Is 39 a factor of 3877?
False
Is 53 a factor of 3233?
True
Does 46 divide 1172?
False
Is 30 a factor of 17256?
False
Does 14 divide 24570?
True
Is 28351 a multiple of 350?
False
Is 848 a multiple of 106?
True
Is 8387 a multiple of 64?
False
Is 18 a factor of 767?
False
Is 3123 a multiple of 50?
False
Is 949 a multiple of 4?
False
Is 127 a factor of 8003?
False
Is 5 a factor of 5345?
True
Does 7 divide 210?
True
Is 654 a multiple of 9?
False
Is 5836 a multiple of 30?
False
Is 17136 a multiple of 144?
True
Is 7788 a multiple of 171?
False
Is 8 a factor of 22383?
False
Is 385 a multiple of 14?
False
Is 108336 a multiple of 74?
True
Does 9 divide 1044?
True
Does 38 divide 2508?
True
Is 10 a factor of 50?
True
Is 537 a multiple of 4?
False
Is 280 a multiple of 5?
True
Is 21 a factor of 1659?
True
Is 9005 a multiple of 59?
False
Is 8 a factor of 19?
False
Does 72 divide 29166?
False
Does 5 divide 232?
False
Does 7 divide 203?
True
Is 101 a factor of 5555?
True
Is 3168 a multiple of 18?
True
Is 4859 a multiple of 6?
False
Does 150 divide 750?
True
Does 7 divide 4459?
True
Is 7 a factor of 616?
True
Is 68 a factor of 1292?
True
Does 4 divide 196?
True
Does 33 divide 5054?
False
Is 15 a factor of 3818?
False
Is 300 a multiple of 12?
True
Is 3061 a multiple of 43?
False
Is 24 a factor of 168?
True
Is 158 even?
True
Does 2 divide 2648?
True
Is 56 a factor of 18182?
False
Does 15 divide 2989?
False
Is 5185 a multiple of 85?
True
Is 87 a factor of 11660?
False
Is 25 a multiple of 25?
True
Does 138 divide 27324?
True
Is 41958 a multiple of 134?
False
Is 193 a factor of 23160?
True
Is 77 a multiple of 2?
False
Does 4 divide 619?
False
Does 195 divide 2535?
True
Does 188 divide 12352?
False
Is 27 a factor of 286?
False
Is 362 a multiple of 19?
False
Does 13 divide 2163?
False
Is 21 a factor of 126?
True
Is 4 a factor of 102?
False
Does 16 divide 4576?
True
Is 21 a factor of 273?
True
Does 14 divide 39228?
True
Does 7 divide 506?
False
Is 3 a factor of 596?
False
Does 9 divide 864?
True
Is 115 a factor of 23345?
True
Is 21938 a multiple of 14?
True
Is 5552 a multiple of 83?
False
Does 11 divide 25003?
True
Is 11330 a multiple of 10?
True
Is 1662 a multiple of 13?
False
Does 19 divide 2481?
False
Is 162 a factor of 77922?
True
Does 16 divide 182?
False
Does 3 divide 153?
True
Is 13858 a multiple of 26?
True
Does 162 divide 13253?
False
Does 11 divide 95188?
False
Is 31 a factor of 834?
False
Is 57 a factor of 11400?
True
Does 31 divide 102?
False
Is 100 a factor of 1700?
True
Is 5259 a mult